 1770 is divided by 358.
338
What is the remainder when 2244 is divided by 8?
4
Calculate the remainder when 89929 is divided by 78.
73
Calculate the remainder when 693275 is divided by 20.
15
What is the remainder when 1625 is divided by 653?
319
Calculate the remainder when 958 is divided by 477.
4
Calculate the remainder when 24842 is divided by 24831.
11
Calculate the remainder when 205302 is divided by 41.
15
Calculate the remainder when 88776 is divided by 230.
226
Calculate the remainder when 729 is divided by 233.
30
Calculate the remainder when 404 is divided by 140.
124
Calculate the remainder when 20736 is divided by 852.
288
What is the remainder when 1794933 is divided by 66?
63
What is the remainder when 291758 is divided by 14?
12
Calculate the remainder when 2825 is divided by 88.
9
Calculate the remainder when 29395 is divided by 14692.
11
Calculate the remainder when 13908 is divided by 772.
12
Calculate the remainder when 166361 is divided by 76.
73
What is the remainder when 1751 is divided by 534?
149
Calculate the remainder when 83327 is divided by 859.
4
What is the remainder when 11871 is divided by 2962?
23
Calculate the remainder when 4303 is divided by 226.
9
What is the remainder when 13664 is divided by 52?
40
Calculate the remainder when 85146 is divided by 151.
133
Calculate the remainder when 62559 is divided by 20840.
39
What is the remainder when 3934 is divided by 447?
358
What is the remainder when 166 is divided by 69?
28
What is the remainder when 6973 is divided by 3439?
95
What is the remainder when 6288 is divided by 170?
168
Calculate the remainder when 26197 is divided by 50.
47
What is the remainder when 15016 is divided by 48?
40
Calculate the remainder when 635231 is divided by 439.
437
Calculate the remainder when 14869 is divided by 1183.
673
What is the remainder when 18985 is divided by 327?
19
Calculate the remainder when 9632 is divided by 1044.
236
Calculate the remainder when 27081 is divided by 35.
26
Calculate the remainder when 8272 is divided by 68.
44
What is the remainder when 22844 is divided by 448?
444
Calculate the remainder when 29712 is divided by 213.
105
Calculate the remainder when 17912 is divided by 20.
12
What is the remainder when 176184 is divided by 167?
166
What is the remainder when 15277 is divided by 16?
13
Calculate the remainder when 165136 is divided by 13.
10
Calculate the remainder when 38767 is divided by 19272.
223
What is the remainder when 7831 is divided by 10?
1
Calculate the remainder when 17641 is divided by 285.
256
Calculate the remainder when 1427 is divided by 51.
50
What is the remainder when 1612499 is divided by 25?
24
Calculate the remainder when 28107 is divided by 55.
2
Calculate the remainder when 11367 is divided by 563.
107
Calculate the remainder when 46375 is divided by 243.
205
Calculate the remainder when 59644 is divided by 78.
52
Calculate the remainder when 173365 is divided by 13.
10
What is the remainder when 5337 is divided by 803?
519
What is the remainder when 344037 is divided by 376?
373
Calculate the remainder when 3825 is divided by 248.
105
Calculate the remainder when 12290 is divided by 26.
18
Calculate the remainder when 28555 is divided by 20.
15
Calculate the remainder when 310779 is divided by 20.
19
Calculate the remainder when 125686 is divided by 879.
868
What is the remainder when 264 is divided by 169?
95
What is the remainder when 25575 is divided by 113?
37
Calculate the remainder when 6406917 is divided by 52.
49
What is the remainder when 39871 is divided by 32?
31
What is the remainder when 100312 is divided by 1791?
16
Calculate the remainder when 42553 is divided by 1933.
27
Calculate the remainder when 909 is divided by 450.
9
Calculate the remainder when 2427 is divided by 1113.
201
Calculate the remainder when 2886 is divided by 263.
256
What is the remainder when 24194 is divided by 473?
71
What is the remainder when 789995 is divided by 108?
83
Calculate the remainder when 143588 is divided by 14341.
178
What is the remainder when 7366923 is divided by 6?
3
Calculate the remainder when 788 is divided by 79.
77
Calculate the remainder when 24259 is divided by 426.
403
What is the remainder when 13177 is divided by 280?
17
Calculate the remainder when 1201 is divided by 601.
600
What is the remainder when 311897 is divided by 342?
335
Calculate the remainder when 3615 is divided by 674.
245
Calculate the remainder when 12185 is divided by 4037.
74
Calculate the remainder when 23407 is divided by 413.
279
What is the remainder when 1330 is divided by 103?
94
What is the remainder when 2833 is divided by 113?
8
Calculate the remainder when 1511 is divided by 251.
5
What is the remainder when 9336 is divided by 287?
152
Calculate the remainder when 33240 is divided by 5540.
0
Calculate the remainder when 6970 is divided by 137.
120
Calculate the remainder when 38381 is divided by 3178.
245
What is the remainder when 81979 is divided by 84?
79
What is the remainder when 1676 is divided by 1159?
517
What is the remainder when 3147749 is divided by 18?
17
What is the remainder when 1686 is divided by 396?
102
What is the remainder when 2302 is divided by 1803?
499
What is the remainder when 988 is divided by 371?
246
Calculate the remainder when 63511 is divided by 1296.
7
Calculate the remainder when 24391 is divided by 305.
296
Calculate the remainder when 233612 is divided by 116757.
98
What is the remainder when 1204 is divided by 372?
88
What is the remainder when 1034 is divided by 461?
112
Calculate the remainder when 1207 is divided by 415.
377
What is the remainder when 163152 is divided by 32627?
17
What is the remainder when 46928 is divided by 838?
0
Calculate the remainder when 6750 is divided by 2237.
39
Calculate the remainder when 1517 is divided by 76.
73
What is the remainder when 22421 is divided by 427?
217
Calculate the remainder when 27130 is divided by 228.
226
Calculate the remainder when 116398 is divided by 51.
16
What is the remainder when 225332 is divided by 133?
30
What is the remainder when 56944 is divided by 11371?
89
What is the remainder when 38729 is divided by 113?
83
What is the remainder when 36132 is divided by 70?
12
What is the remainder when 22242 is divided by 618?
612
Calculate the remainder when 280666 is divided by 62.
54
Calculate the remainder when 346 is divided by 16.
10
Calculate the remainder when 210 is divided by 68.
6
What is the remainder when 9524 is divided by 703?
385
What is the remainder when 4719 is divided by 175?
169
What is the remainder when 364324 is divided by 1518?
4
Calculate the remainder when 6433909 is divided by 99.
97
What is the remainder when 13881 is divided by 129?
78
Calculate the remainder when 17278 is divided by 227.
26
What is the remainder when 56352 is divided by 193?
189
What is the remainder when 20603 is divided by 21?
2
What is the remainder when 63542 is divided by 188?
186
What is the remainder when 3453 is divided by 1057?
282
What is the remainder when 23297 is divided by 20?
17
Calculate the remainder when 44951 is divided by 848.
7
Calculate the remainder when 8072 is divided by 2640.
152
Calculate the remainder when 5442 is divided by 1803.
33
What is the remainder when 6317 is divided by 46?
15
Calculate the remainder when 1527 is divided by 8.
7
What is the remainder when 3249 is divided by 650?
649
What is the remainder when 34493 is divided by 34487?
6
What is the remainder when 59317 is divided by 568?
245
Calculate the remainder when 320809 is divided by 106925.
34
What is the remainder when 4218 is divided by 700?
18
What is the remainder when 74529 is divided by 14?
7
Calculate the remainder when 1067791 is divided by 27.
22
Calculate the remainder when 146089 is divided by 233.
231
What is the remainder when 15758 is divided by 69?
26
What is the remainder when 18655 is divided by 106?
105
What is the remainder when 292091 is divided by 128?
123
Calculate the remainder when 12842 is divided by 2124.
98
Calculate the remainder when 17822699 is divided by 1050.
1049
What is the remainder when 246547 is divided by 34?
13
What is the remainder when 188348 is divided by 7?
6
Calculate the remainder when 